re the prime factors of 60783405?
3, 5, 31, 67, 1951
List the prime factors of 59199708.
2, 3, 31, 233, 683
What are the prime factors of 731902720?
2, 5, 571799
List the prime factors of 47961519.
3, 15987173
List the prime factors of 1192135639.
19, 41, 269, 5689
What are the prime factors of 103123808?
2, 71, 45389
What are the prime factors of 561683314?
2, 233, 263, 4583
What are the prime factors of 361338708?
2, 3, 149, 179, 1129
List the prime factors of 23999248.
2, 7, 13, 53, 311
List the prime factors of 37835057.
13, 53, 89, 617
What are the prime factors of 335660310?
2, 3, 5, 71, 52529
What are the prime factors of 152931411?
3, 757, 22447
List the prime factors of 906533066.
2, 20939, 21647
List the prime factors of 2268438288.
2, 3, 47259131
What are the prime factors of 3280147541?
11, 31, 9619201
List the prime factors of 402143192.
2, 11, 197, 23197
List the prime factors of 1359347224.
2, 169918403
List the prime factors of 614109253.
1319, 465587
What are the prime factors of 13156655?
5, 71, 37061
List the prime factors of 593489884.
2, 13, 23, 496229
What are the prime factors of 346192209?
3, 11, 1867, 1873
List the prime factors of 41672885.
5, 1249, 6673
What are the prime factors of 205163707?
7, 43, 681607
List the prime factors of 205113176.
2, 25639147
What are the prime factors of 613879108?
2, 23, 290113
What are the prime factors of 1313163931?
73, 17988547
List the prime factors of 298464520.
2, 5, 29, 257297
What are the prime factors of 3255190636?
2, 813797659
What are the prime factors of 583419878?
2, 6329, 46091
List the prime factors of 103850824.
2, 7, 11, 17, 47, 211
List the prime factors of 1313658178.
2, 7, 47, 743, 2687
List the prime factors of 144627290.
2, 5, 59, 245131
List the prime factors of 99884320.
2, 5, 624277
List the prime factors of 1519946134.
2, 7, 108567581
What are the prime factors of 49141156?
2, 23, 691, 773
List the prime factors of 2154035991.
3, 47, 257, 59443
What are the prime factors of 388377787?
7, 643, 86287
List the prime factors of 1607833818.
2, 3, 3547, 25183
List the prime factors of 106535365.
5, 3673, 5801
What are the prime factors of 1156702013?
113, 307, 33343
List the prime factors of 335332019.
11, 23, 101, 1193
List the prime factors of 99386081.
99386081
List the prime factors of 55768326.
2, 3, 9294721
What are the prime factors of 1205301037?
17, 53, 269, 4973
What are the prime factors of 1358725814?
2, 41, 16569827
List the prime factors of 3147723.
3, 53, 6599
List the prime factors of 21613760.
2, 5, 7, 9649
What are the prime factors of 2143980193?
2143980193
List the prime factors of 1729315427.
7, 247045061
List the prime factors of 2969927138.
2, 1484963569
List the prime factors of 57122611.
7, 13, 627721
What are the prime factors of 384009371?
313, 1226867
What are the prime factors of 58821136?
2, 11, 31, 10781
List the prime factors of 2906806026.
2, 3, 484467671
What are the prime factors of 336617358?
2, 3, 7, 11, 104087
List the prime factors of 195395226.
2, 3, 13, 2505067
List the prime factors of 115034645.
5, 11, 19, 31, 53, 67
What are the prime factors of 506862212?
2, 126715553
What are the prime factors of 3954902868?
2, 3, 7, 59, 88667
List the prime factors of 3455044045.
5, 17, 1093, 37189
List the prime factors of 154206081.
3, 229, 74821
List the prime factors of 425310583.
491, 866213
List the prime factors of 101709151.
23, 41, 107857
List the prime factors of 289604254.
2, 37, 1811, 2161
List the prime factors of 969364428.
2, 3, 283, 397, 719
List the prime factors of 4814933.
251, 19183
What are the prime factors of 301104350?
2, 5, 6022087
List the prime factors of 310721884.
2, 11, 7061861
What are the prime factors of 356718483?
3, 11, 19, 189643
List the prime factors of 196052327.
9011, 21757
List the prime factors of 4584390250.
2, 5, 11, 1667051
What are the prime factors of 3405944?
2, 43, 9901
What are the prime factors of 4023223020?
2, 3, 5, 19, 23, 5683
List the prime factors of 33425002.
2, 13, 433, 2969
What are the prime factors of 5908871?
5908871
What are the prime factors of 3793396249?
1429, 2654581
List the prime factors of 50839417.
50839417
List the prime factors of 4218118162.
2, 38113, 55337
What are the prime factors of 129487800?
2, 3, 5, 13, 1277
List the prime factors of 145889562.
2, 3, 7, 13, 19, 41
List the prime factors of 168649033.
7, 3441817
List the prime factors of 35876827.
7, 31, 165331
What are the prime factors of 353300513?
43, 229, 35879
List the prime factors of 1001060943.
3, 47, 199, 35677
What are the prime factors of 2896672046?
2, 499, 2902477
What are the prime factors of 24438525?
3, 5, 499, 653
What are the prime factors of 936795840?
2, 3, 5, 257, 3797
List the prime factors of 61424814.
2, 3, 11, 83, 11213
What are the prime factors of 60596256?
2, 3, 7, 90173
List the prime factors of 99921241.
7, 701, 2909
List the prime factors of 68066177.
23, 227, 13037
List the prime factors of 105809007.
3, 59, 677, 883
What are the prime factors of 1751850395?
5, 269, 1302491
List the prime factors of 630225437.
630225437
List the prime factors of 1181299801.
11, 107390891
What are the prime factors of 1578796100?
2, 5, 7, 431, 5233
List the prime factors of 253921000.
2, 5, 31, 8191
What are the prime factors of 188169639?
3, 7, 557, 16087
List the prime factors of 1759028172.
2, 3, 11, 13325971
List the prime factors of 40368914.
2, 17, 1187321
What are the prime factors of 40170513?
3, 31, 61, 73, 97
What are the prime factors of 1476781089?
3, 7, 70322909
What are the prime factors of 506796159?
3, 47, 3594299
What are the prime factors of 46717711?
1091, 42821
What are the prime factors of 1130797478?
2, 31, 37, 83, 5939
What are the prime factors of 15998225?
5, 23, 27823
What are the prime factors of 87986427?
3, 29328809
List the prime factors of 379820102.
2, 189910051
What are the prime factors of 118065462?
2, 3, 857, 22961
List the prime factors of 516435220.
2, 5, 7, 101, 36523
What are the prime factors of 21130992?
2, 3, 146743
List the prime factors of 913228868.
2, 709, 322013
List the prime factors of 7376764896.
2, 3, 19, 43, 107, 293
What are the prime factors of 25826261?
25826261
List the prime factors of 491499740.
2, 5, 53, 463679
What are the prime factors of 48328588?
2, 7, 11, 173, 907
List the prime factors of 17116861.
857, 19973
List the prime factors of 1188766153.
1188766153
List the prime factors of 41800049.
29, 1441381
What are the prime factors of 57101072?
2, 7, 173, 421
List the prime factors of 220810391.
59, 227, 16487
List the prime factors of 497616356.
2, 2423, 51343
List the prime factors of 9228585.
3, 5, 19, 32381
List the prime factors of 310918853.
7, 23, 43, 97, 463
What are the prime factors of 2206134?
2, 3, 7, 17509
List the prime factors of 270402563.
270402563
What are the prime factors of 111017260?
2, 5, 131, 42373
List the prime factors of 859629742.
2, 13147, 32693
List the prime factors of 1515078529.
1515078529
List the prime factors of 3857640071.
283, 431, 31627
List the prime factors of 152870982.
2, 3, 11, 31, 74717
What are the prime factors of 19686160?
2, 5, 13, 23, 823
List the prime factors of 432344400.
2, 3, 5, 360287
What are the prime factors of 1558669725?
3, 5, 6927421
List the prime factors of 635802108.
2, 3, 17, 103, 30259
List the prime factors of 212223125.
5, 339557
What are the prime factors of 141687445?
5, 61, 464549
What are the prime factors of 60098628?
2, 3, 5008219
What are the prime factors of 2743128936?
2, 3, 12699671
List the prime factors of 1855227281.
8243, 225067
What are the prime factors of 513783488?
2, 29, 276823
What are the prime factors of 65910500?
2, 5, 61, 2161
List the prime factors of 79174388.
2, 4447, 4451
List the prime factors of 4333767045.
3, 5, 288917803
What are the prime factors of 131996872?
2, 7, 1489, 1583
What are the prime factors of 411920122?
2, 311, 662251
List the prime factors of 310647952.
2, 19415497
List the prime factors of 1146612.
2, 3, 19, 47, 107
What are the prime factors of 58971854?
2, 29485927
What are the prime factors of 96127249?
31, 751, 4129
List the prime factors of 515804704.
2, 19, 848363
What are the prime factors of 173597